{"id":815,"date":"2018-09-05T16:06:16","date_gmt":"2018-09-05T16:06:16","guid":{"rendered":"https:\/\/yoga.oceanwp.org\/wpforms-preview\/"},"modified":"2024-06-23T17:11:57","modified_gmt":"2024-06-23T15:11:57","slug":"wpforms-preview","status":"publish","type":"page","link":"https:\/\/spirale-energie.fr\/?page_id=815","title":{"rendered":"Les Ateliers"},"content":{"rendered":"\t\t<div data-elementor-type=\"wp-page\" data-elementor-id=\"815\" class=\"elementor elementor-815\">\n\t\t\t\t<div class=\"elementor-element elementor-element-14c2d13f e-flex e-con-boxed e-con e-parent\" data-id=\"14c2d13f\" data-element_type=\"container\" data-e-type=\"container\">\n\t\t\t\t\t<div class=\"e-con-inner\">\n\t\t\t\t<div class=\"elementor-element elementor-element-2849a407 elementor-widget elementor-widget-text-editor\" data-id=\"2849a407\" data-element_type=\"widget\" data-e-type=\"widget\" data-widget_type=\"text-editor.default\">\n\t\t\t\t<div class=\"elementor-widget-container\">\n\t\t\t\t\t\t\t\t\t<p>Je vous propose une vari\u00e9t\u00e9 d&rsquo;activit\u00e9s et d&rsquo;ateliers con\u00e7us pour am\u00e9liorer votre sant\u00e9 physique, \u00e9motionnelle et mentale. Nos techniques vous aideront \u00e0 retrouver votre \u00e9quilibre, \u00e0 g\u00e9rer le stress, et \u00e0 renforcer votre \u00e9nergie vitale. D\u00e9couvrez nos diff\u00e9rentes approches et choisissez celles qui vous conviennent le mieux pour un mieux-\u00eatre durable.<\/p>\t\t\t\t\t\t\t\t<\/div>\n\t\t\t\t<\/div>\n\t\t\t\t\t<\/div>\n\t\t\t\t<\/div>\n\t\t<div class=\"elementor-element elementor-element-ae8f02b e-grid e-con-boxed e-con e-parent\" data-id=\"ae8f02b\" data-element_type=\"container\" data-e-type=\"container\">\n\t\t\t\t\t<div class=\"e-con-inner\">\n\t\t\t\t<div class=\"elementor-element elementor-element-1b6c637 elementor-widget elementor-widget-text-editor\" data-id=\"1b6c637\" data-element_type=\"widget\" data-e-type=\"widget\" data-widget_type=\"text-editor.default\">\n\t\t\t\t<div class=\"elementor-widget-container\">\n\t\t\t\t\t\t\t\t\t<p><strong>Les ateliers du sens \u00e0 l&rsquo;essence<\/strong><\/p><p>Tous les mardis de 19h30 \u00e0 20h30 \u00e0 Saint-Fargeau-Ponthierry<\/p>\t\t\t\t\t\t\t\t<\/div>\n\t\t\t\t<\/div>\n\t\t\t\t<div class=\"elementor-element elementor-element-0cdae6d elementor-widget elementor-widget-text-editor\" data-id=\"0cdae6d\" data-element_type=\"widget\" data-e-type=\"widget\" data-widget_type=\"text-editor.default\">\n\t\t\t\t<div class=\"elementor-widget-container\">\n\t\t\t\t\t\t\t\t\t<p><strong>Les s\u00e9minaires th\u00e9matiques de d\u00e9veloppement personnel<\/strong><\/p><p>1 weekend tous les 2 mois<\/p>\t\t\t\t\t\t\t\t<\/div>\n\t\t\t\t<\/div>\n\t\t\t\t<div class=\"elementor-element elementor-element-31985fa elementor-widget elementor-widget-text-editor\" data-id=\"31985fa\" data-element_type=\"widget\" data-e-type=\"widget\" data-widget_type=\"text-editor.default\">\n\t\t\t\t<div class=\"elementor-widget-container\">\n\t\t\t\t\t\t\t\t\t<p><strong>Stages d\u2019initiation aux soins \u00e9nerg\u00e9tiques en autonomie d\u2019apr\u00e8s les concepts de m\u00e9decine traditionnelle chinoise des m\u00e9decins aux mains \/SHOU et pieds \/ZU nus<\/strong><\/p><p>En demi journ\u00e9e<\/p>\t\t\t\t\t\t\t\t<\/div>\n\t\t\t\t<\/div>\n\t\t\t\t\t<\/div>\n\t\t\t\t<\/div>\n\t\t<div class=\"elementor-element elementor-element-b04d57c e-flex e-con-boxed e-con e-parent\" data-id=\"b04d57c\" data-element_type=\"container\" data-e-type=\"container\">\n\t\t\t\t\t<div class=\"e-con-inner\">\n\t\t\t\t<div class=\"elementor-element elementor-element-903b708 elementor-widget elementor-widget-text-editor\" data-id=\"903b708\" data-element_type=\"widget\" data-e-type=\"widget\" data-widget_type=\"text-editor.default\">\n\t\t\t\t<div class=\"elementor-widget-container\">\n\t\t\t\t\t\t\t\t\t<p><strong><u>ACTIVITES SPIRALE ENERGIE<\/u><\/strong><\/p><ul><li>Les techniques d\u2019autonomie face \u00e0 la douleur<\/li><li>Les techniques d\u2019autonomie d\u2019autostimulation \u00e9nerg\u00e9tique<\/li><li>Comment faire face au stress et s\u2019en lib\u00e9rer d\u00e9finitivement<\/li><li>Comment appliquer la communication non violente ou CNV au niveau personnel, professionnel, familiale\u2026<\/li><li>L\u2019art th\u00e9rapie au service de l\u2019\u00e9quilibre \u00e9nerg\u00e9tique<\/li><li>Mon aliment est mon m\u00e9dicament et devient mon meilleur alli\u00e9 pour ma sant\u00e9<\/li><li>Je retrouve ma silhouette de r\u00eave<\/li><li>Je retrouve mon \u00e9nergie, ma force et ma vitalit\u00e9<\/li><li>Je retrouve un sommeil r\u00e9cup\u00e9rateur<\/li><li>Bye bye allergie je renforce mon syst\u00e8me immunitaire<\/li><li>J\u2019identifie les relations toxiques et je m\u2019en lib\u00e8re d\u00e9finitivement<\/li><\/ul>\t\t\t\t\t\t\t\t<\/div>\n\t\t\t\t<\/div>\n\t\t\t\t\t<\/div>\n\t\t\t\t<\/div>\n\t\t<div class=\"elementor-element elementor-element-eb80c47 e-flex e-con-boxed e-con e-parent\" data-id=\"eb80c47\" data-element_type=\"container\" data-e-type=\"container\">\n\t\t\t\t\t<div class=\"e-con-inner\">\n\t\t\t\t\t<\/div>\n\t\t\t\t<\/div>\n\t\t\t\t<\/div>\n\t\t","protected":false},"excerpt":{"rendered":"<p>Je vous propose une vari\u00e9t\u00e9 d&rsquo;activit\u00e9s et d&rsquo;ateliers con\u00e7us pour am\u00e9liorer votre sant\u00e9 physique, \u00e9motionnelle et mentale. Nos techniques vous aideront \u00e0 retrouver votre \u00e9quilibre, \u00e0 g\u00e9rer le stress, et \u00e0 renforcer votre \u00e9nergie vitale. D\u00e9couvrez nos diff\u00e9rentes approches et choisissez celles qui vous conviennent le mieux pour un mieux-\u00eatre durable. Les ateliers du sens [&hellip;]<\/p>\n","protected":false},"author":1,"featured_media":0,"parent":0,"menu_order":0,"comment_status":"closed","ping_status":"closed","template":"elementor_theme","meta":{"om_disable_all_campaigns":false,"_monsterinsights_skip_tracking":false,"_monsterinsights_sitenote_active":false,"_monsterinsights_sitenote_note":"","_monsterinsights_sitenote_category":0,"_uf_show_specific_survey":0,"_uf_disable_surveys":false,"ocean_post_layout":"","ocean_both_sidebars_style":"","ocean_both_sidebars_content_width":0,"ocean_both_sidebars_sidebars_width":0,"ocean_sidebar":"","ocean_second_sidebar":"","ocean_disable_margins":"enable","ocean_add_body_class":"","ocean_shortcode_before_top_bar":"","ocean_shortcode_after_top_bar":"","ocean_shortcode_before_header":"","ocean_shortcode_after_header":"","ocean_has_shortcode":"","ocean_shortcode_after_title":"","ocean_shortcode_before_footer_widgets":"","ocean_shortcode_after_footer_widgets":"","ocean_shortcode_before_footer_bottom":"","ocean_shortcode_after_footer_bottom":"","ocean_display_top_bar":"default","ocean_display_header":"default","ocean_header_style":"","ocean_center_header_left_menu":"","ocean_custom_header_template":"","ocean_custom_logo":0,"ocean_custom_retina_logo":0,"ocean_custom_logo_max_width":0,"ocean_custom_logo_tablet_max_width":0,"ocean_custom_logo_mobile_max_width":0,"ocean_custom_logo_max_height":0,"ocean_custom_logo_tablet_max_height":0,"ocean_custom_logo_mobile_max_height":0,"ocean_header_custom_menu":"","ocean_menu_typo_font_family":"","ocean_menu_typo_font_subset":"","ocean_menu_typo_font_size":0,"ocean_menu_typo_font_size_tablet":0,"ocean_menu_typo_font_size_mobile":0,"ocean_menu_typo_font_size_unit":"px","ocean_menu_typo_font_weight":"","ocean_menu_typo_font_weight_tablet":"","ocean_menu_typo_font_weight_mobile":"","ocean_menu_typo_transform":"","ocean_menu_typo_transform_tablet":"","ocean_menu_typo_transform_mobile":"","ocean_menu_typo_line_height":0,"ocean_menu_typo_line_height_tablet":0,"ocean_menu_typo_line_height_mobile":0,"ocean_menu_typo_line_height_unit":"","ocean_menu_typo_spacing":0,"ocean_menu_typo_spacing_tablet":0,"ocean_menu_typo_spacing_mobile":0,"ocean_menu_typo_spacing_unit":"","ocean_menu_link_color":"","ocean_menu_link_color_hover":"","ocean_menu_link_color_active":"","ocean_menu_link_background":"","ocean_menu_link_hover_background":"","ocean_menu_link_active_background":"","ocean_menu_social_links_bg":"","ocean_menu_social_hover_links_bg":"","ocean_menu_social_links_color":"","ocean_menu_social_hover_links_color":"","ocean_disable_title":"default","ocean_disable_heading":"default","ocean_post_title":"","ocean_post_subheading":"","ocean_post_title_style":"","ocean_post_title_background_color":"","ocean_post_title_background":0,"ocean_post_title_bg_image_position":"","ocean_post_title_bg_image_attachment":"","ocean_post_title_bg_image_repeat":"","ocean_post_title_bg_image_size":"","ocean_post_title_height":0,"ocean_post_title_bg_overlay":0.5,"ocean_post_title_bg_overlay_color":"","ocean_disable_breadcrumbs":"default","ocean_breadcrumbs_color":"","ocean_breadcrumbs_separator_color":"","ocean_breadcrumbs_links_color":"","ocean_breadcrumbs_links_hover_color":"","ocean_display_footer_widgets":"default","ocean_display_footer_bottom":"default","ocean_custom_footer_template":"","footnotes":""},"class_list":["post-815","page","type-page","status-publish","hentry","entry","owp-thumbs-layout-horizontal","owp-btn-normal","owp-tabs-layout-horizontal","has-no-thumbnails","has-product-nav"],"aioseo_notices":[],"_links":{"self":[{"href":"https:\/\/spirale-energie.fr\/index.php?rest_route=\/wp\/v2\/pages\/815","targetHints":{"allow":["GET"]}}],"collection":[{"href":"https:\/\/spirale-energie.fr\/index.php?rest_route=\/wp\/v2\/pages"}],"about":[{"href":"https:\/\/spirale-energie.fr\/index.php?rest_route=\/wp\/v2\/types\/page"}],"author":[{"embeddable":true,"href":"https:\/\/spirale-energie.fr\/index.php?rest_route=\/wp\/v2\/users\/1"}],"replies":[{"embeddable":true,"href":"https:\/\/spirale-energie.fr\/index.php?rest_route=%2Fwp%2Fv2%2Fcomments&post=815"}],"version-history":[{"count":19,"href":"https:\/\/spirale-energie.fr\/index.php?rest_route=\/wp\/v2\/pages\/815\/revisions"}],"predecessor-version":[{"id":1310,"href":"https:\/\/spirale-energie.fr\/index.php?rest_route=\/wp\/v2\/pages\/815\/revisions\/1310"}],"wp:attachment":[{"href":"https:\/\/spirale-energie.fr\/index.php?rest_route=%2Fwp%2Fv2%2Fmedia&parent=815"}],"curies":[{"name":"wp","href":"https:\/\/api.w.org\/{rel}","templated":true}]}}